16)). Suppose 26*a = 21*a + d. What is the greatest common divisor of m and a?
8
Let f(a) = 39*a + 3. Let k be f(7). Let z(n) = -195*n**3 + 2*n**2 - 1. Let b be z(-1). Let u = k - b. What is the greatest common divisor of 20 and u?
20
Let x(u) = -u**2 - u - 1. Let g be x(-1). Let q be (-35)/10*(-1 + g). Suppose -5*h - 2*n + 50 = 3*n, 4*n = 12. What is the highest common factor of q and h?
7
Let h be -113*((4 - 8) + 3). Suppose 2*r + h = 6*r + 3*w, 0 = 4*w + 20. What is the greatest common divisor of 4 and r?
4
Suppose 0 = -4*p - 3*o + 45, -142*p + 144*p - 5*o = 3. Calculate the greatest common divisor of 144 and p.
9
Let v = 1730 - 1285. What is the greatest common divisor of 15 and v?
5
Let i be 60*((-80)/(-24) - -2). What is the highest common divisor of i and 10?
10
Suppose -51 = 5*r - 9*r - 3*b, 0 = 2*r - 5*b - 45. Calculate the greatest common factor of 66 and r.
3
Suppose 57*d + 7*d = 4608. What is the greatest common factor of 684 and d?
36
Let r = 6014 + -6005. Let o be (-169)/(-2)*2 + 2. What is the greatest common divisor of o and r?
9
Suppose -3 = 5*k + 2. Let a be (-3 - -4) + 417/(k + 4). What is the highest common divisor of a and 56?
28
Suppose 229 = 4*i - 299. What is the greatest common divisor of i and 88?
44
Suppose 10*o - 177 = -17. Calculate the greatest common factor of 24 and o.
8
Let x be (-19 + 4 + 9)*(-91)/2. Calculate the highest common divisor of x and 182.
91
Let q = -110 - -112. Suppose -90 = -8*j + q*j. Calculate the greatest common divisor of j and 15.
15
Suppose -o - 105 = -4*o. Let a be ((-14)/o)/((-1)/5). Suppose -3*b - r = r + 1, -a*b = r. What is the greatest common divisor of 9 and b?
1
Let w = -202 - -211. What is the highest common divisor of w and 21?
3
Let j(c) = 53*c**2 - 87*c - 349. Let f be j(-4). What is the greatest common divisor of 231 and f?
77
Let l(y) = 2*y**2 - 28*y - 218. Let v be l(-6). What is the highest common divisor of 11 and v?
11
Let u be 3/((-6)/((-10)/(-5))). Let k be 1 + (26 - -10 - (-1)/u). What is the highest common divisor of k and 72?
36
Let n be 3/((-1)/((-3)/(-3))). Let l = n + 5. Suppose -l*x + 32 + 6 = 0. What is the greatest common factor of 19 and x?
19
Let y = 171 + 32. Calculate the greatest common factor of 29 and y.
29
Suppose -105 = 2*u - 7*u. Let d be (-6)/(-10) + u/15. Suppose 0 = -d*i + 6, -3*o - 5*i + 9 = -12. Calculate the greatest common factor of o and 1.
1
Let f(c) be the first derivative of c**3/3 - 9*c**2/2 - 8*c - 5. Let x be f(10). Let s be 6 + -4*(-1 - -2). Calculate the greatest common divisor of s and x.
2
Let m = -34 + 112. Suppose 22 + m = 5*v. What is the greatest common divisor of 20 and v?
20
Let q = -271 + 400. Let x = q - 111. What is the greatest common divisor of x and 162?
18
Let s be -4 - -32 - (-41 - -38). What is the highest common divisor of 589 and s?
31
Let g(b) = 2*b**2 + 5*b + 11. Let n be g(4). Calculate the greatest common divisor of n and 6.
3
Let o be (-3)/(-3 - (-108)/40). Suppose -5*v = -300 + 50. Calculate the greatest common factor of v and o.
10
Suppose 0 = 4*j + 3*v + 3, j + 2*v = -0*v - 2. Suppose 3*f - 4 - 2 = j. Suppose -3*l = -f*l - 110. Calculate the greatest common factor of l and 10.
10
Suppose 16 = 2*w - 10. Calculate the highest common divisor of 13 and w.
13
Suppose 0 = -4*c + 44 + 24. Let i = 801 + -555. Suppose -2*s - 159 = -3*x - 4*s, 3*s = 5*x - i. What is the greatest common divisor of c and x?
17
Suppose 0 = 3*j + 15, 6*z + 4*j = 2*z + 36. Let d be 28*(-4 - (-19)/4). Calculate the greatest common divisor of z and d.
7
Let t be (-22)/3*(9 - 24). Suppose 2*b + 16 = 60. What is the highest common factor of t and b?
22
Let c = -12 + 12. Let a be c + 1*(3 + 1). Suppose -2*z + 22 = -a. What is the greatest common divisor of 91 and z?
13
Let d(i) = -i**2 - 7*i + 21. Let c be d(-9). Suppose 0 = 4*y + 2*a - 160, a - 130 = -3*y - c*a. Calculate the highest common factor of 304 and y.
38
Let z be (-13930)/(-105) + -4*(-1)/3. Calculate the highest common factor of z and 201.
67
Let r(v) = 4*v**3 - 4*v**2 + 3*v - 1. Let f be r(2). Let j = f - 1. What is the highest common factor of 140 and j?
20
Suppose -3*c - 5*s + 50 = 0, 0 = 4*c + s - 0*s - 44. Let t = c - -3. Let v be 26*(-1 - (-4)/2). What is the highest common divisor of t and v?
13
Suppose 3*l + 26 = -4*c + 355, 4*l = 5*c + 480. Calculate the highest common factor of 46 and l.
23
Let c(x) = -x**3 - 11*x**2 + 5*x + 82. Let v be c(-11). Calculate the highest common factor of 2889 and v.
27
Let k = -3 + 7. Suppose -b + k*p = -116, -b + 2*p + 113 = p. Suppose -47 = 4*m - 159. What is the highest common divisor of m and b?
28
Let d be 157*(-4 + 10/2). Let i = -94 + d. Let x = -15 - -24. What is the greatest common factor of x and i?
9
Let o be (-11 - -10)/((-2)/2). Suppose -3*a + 10 = o. Suppose 4*c - 321 = -a*f, -78 = -c - f - 2*f. What is the highest common factor of c and 9?
9
Let p = 96 - -15. Calculate the greatest common factor of p and 407.
37
Let m(y) = 5*y**2 - 9*y + 4. Let w be m(3). What is the highest common factor of w and 22?
22
Suppose -3*d + 4*d + 2*k = 12, 5*d + 3*k = 25. Let y = d + -8. Let p be -1 - (-2)/(y/(-39)). Calculate the highest common factor of 6 and p.
6
Suppose -2*o - 3*j = -1086 + 122, -954 = -2*o + 2*j. Let f be 1/6*2 + o/3. What is the greatest common divisor of f and 20?
20
Let q be ((-2)/6)/1 + (-518)/(-42). Suppose 2*f - b = 28, 2 = -f - 5*b - 6. Calculate the greatest common factor of f and q.
12
Let b(r) = 11*r - 515. Let u be b(51). Calculate the greatest common divisor of 575 and u.
23
Let s be (-8)/6 - (-268)/12. Let d be 18/4*36/(-27). Let r = d + s. Calculate the greatest common divisor of 30 and r.
15
Suppose 8*f - 36 = 44. What is the greatest common divisor of 405 and f?
5
Suppose 2*t = -4*z + 2326, 2*t - 3*z - 2298 = -0*z. Calculate the greatest common divisor of t and 154.
77
Let h be (-56)/(-3) - (-8)/6. Suppose v + 2*v - 155 = -4*n, -4*n + h = 0. What is the greatest common divisor of 5 and v?
5
Let z be (-160)/5*-1*4. Suppose 1 + 15 = j. What is the highest common divisor of j and z?
16
Let g = 1673 - 769. What is the highest common divisor of 8 and g?
8
Suppose -3*m + 184 = -4*a, -m - 4*a = -3*m + 128. Calculate the highest common divisor of m and 42.
14
Let r be 634/8 + 27/36. Let a be (14/4)/((-2)/(-4)). Let n(m) = m**3 - 5*m**2 - 13*m + 9. Let i be n(a). Calculate the highest common factor of i and r.
16
Suppose -42 = -2*x - 14. Suppose 9*j - x*j + 200 = 0. Calculate the greatest common divisor of 16 and j.
8
Let s(d) = -2*d**3 - 34*d**2 + 36*d + 32. Let i be s(-18). Calculate the greatest common factor of 14 and i.
2
Suppose -2*i = -i. Suppose j - 12 = -i. Suppose -j*o = -9*o - 102. Calculate the highest common divisor of 51 and o.
17
Let f = -6 + -43. Let r = f + 61. Let w = 28 - 16. What is the greatest common divisor of r and w?
12
Suppose r = 4*h, -r = 4*h - 3 - 5. Suppose 0 = -7*n + r*n + 351. Suppose -t = t - 26. Calculate the greatest common factor of t and n.
13
Suppose 5*d + 0*d = 20. Let v be (1 + 483/12)*d. Calculate the greatest common factor of 15 and v.
15
Suppose -v + 5*i = -5*v + 20, 5 = v + 2*i. What is the greatest common factor of 605 and v?
5
Let o(v) = 11*v + 16*v + 25 + v**2 + 8*v - 18*v. Let q be o(-20). Calculate the greatest common divisor of q and 17.
17
Let m(n) = 4*n - 3. Let w be m(-9). Let h be ((-2)/(-6) + -1)*w. Let o = h + -15. What is the highest common factor of 88 and o?
11
Let a(k) be the first derivative of 2*k + 1/2*k**2 + 1/4*k**4 + 7 - 4/3*k**3. Let s be a(4). Calculate the highest common divisor of s and 12.
6
Let w = 58 + -37. Calculate the highest common factor of 84 and w.
21
Let z = 13 - 2. Suppose 5*u = h + 663 - 220, 0 = 5*u + 3*h - 431. What is the highest common factor of z and u?
11
Let n be 30/(-3 + -1 + 5). Let p = -22 + n. Calculate the highest common divisor of p and 48.
8
Let v = -88 + 171. What is the greatest common factor of v and 83?
83
Let a = -568 + 1044. Calculate the greatest common factor of 84 and a.
28
Let u be 2/10 + 99/55. Let t be 0 + 2 + 2 + -1. Calculate the highest common factor of u and t.
1
Let l be (-65)/3*(-13 - (5 + -6)). Calculate the greatest common factor of l and 10.
10
Let g = 123 - 115. Calculate the greatest common factor of 